{"id":109,"date":"2017-10-28T18:38:17","date_gmt":"2017-10-28T16:38:17","guid":{"rendered":"http:\/\/spp3.slawno.pl\/?page_id=109"},"modified":"2023-09-19T20:13:00","modified_gmt":"2023-09-19T18:13:00","slug":"samorzad-szkolny","status":"publish","type":"page","link":"http:\/\/spp3.slawno.pl\/?page_id=109","title":{"rendered":"Samorz\u0105d Szkolny"},"content":{"rendered":"<h1>Sk\u0142ad Samorz\u0105du Szkolnego w roku szkolnym 2023\/24:<\/h1>\n<p><strong>Przewodnicz\u0105ca Samorz\u0105du Uczniowskiego<\/strong><\/p>\n<p>Majka Stojewska<\/p>\n<p><strong>Poczet sztandarowy:<\/strong><\/p>\n<p>Liliana St\u0119pie\u0144<\/p>\n<p>Jakub Miko\u0142ajczak<\/p>\n<p>Alicja Ludwikowska<\/p>\n<p><strong>Poczet flagowy:<\/strong><\/p>\n<p>Krystian Janowski<\/p>\n<p>Natalia Ma\u0144ka<\/p>\n<p>Alicja Ludwikowska<\/p>\n<table width=\"571\">\n<tbody>\n<tr>\n<td colspan=\"3\" width=\"571\"><strong>\u00a0Gospodarze klas 4-8<\/strong><\/td>\n<\/tr>\n<tr>\n<td width=\"373\"><strong>Pola Koz\u0142owska<\/strong><\/td>\n<td width=\"122\"><strong>klasa 4 a<\/strong><\/td>\n<td width=\"76\"><\/td>\n<\/tr>\n<tr>\n<td width=\"373\"><strong>Joanna Elendt<\/strong><\/td>\n<td width=\"122\"><strong>klasa 4 b<\/strong><\/td>\n<td width=\"76\"><\/td>\n<\/tr>\n<tr>\n<td width=\"373\"><strong>Agata Lisiak<\/strong><\/td>\n<td width=\"122\"><strong>klasa 5 a<\/strong><\/td>\n<td width=\"76\"><\/td>\n<\/tr>\n<tr>\n<td width=\"373\"><strong>Maja Poborska<\/strong><\/td>\n<td width=\"122\"><strong>klasa 5 b<\/strong><\/td>\n<td width=\"76\"><\/td>\n<\/tr>\n<tr>\n<td width=\"373\"><strong>Blanka Cir\u00f3g<\/strong><\/td>\n<td width=\"122\"><strong>klasa 5 c<\/strong><\/td>\n<td width=\"76\"><\/td>\n<\/tr>\n<tr>\n<td width=\"373\"><strong>Wojciech Zdral<\/strong><\/td>\n<td width=\"122\"><strong>klasa 5 d<\/strong><\/td>\n<td width=\"76\"><\/td>\n<\/tr>\n<tr>\n<td width=\"373\"><strong>Julia Wieczorek<\/strong><\/td>\n<td width=\"122\"><strong>klasa 6 a<\/strong><\/td>\n<td width=\"76\"><\/td>\n<\/tr>\n<tr>\n<td width=\"373\"><strong>Wiktor Nowicki<\/strong><\/td>\n<td width=\"122\"><strong>klasa 6 b<\/strong><\/td>\n<td width=\"76\"><\/td>\n<\/tr>\n<tr>\n<td width=\"373\"><strong>Julia Pa\u0142ucka<\/strong><\/td>\n<td width=\"122\"><strong>klasa 6 c<\/strong><\/td>\n<td width=\"76\"><\/td>\n<\/tr>\n<tr>\n<td width=\"373\"><strong>Adam Dworak<\/strong><\/td>\n<td width=\"122\"><strong>klasa 7 a<\/strong><\/td>\n<td width=\"76\"><\/td>\n<\/tr>\n<tr>\n<td width=\"373\"><strong>Magdalena Kaniuka<\/strong><\/td>\n<td width=\"122\"><strong>klasa 7 b<\/strong><\/td>\n<td width=\"76\"><\/td>\n<\/tr>\n<tr>\n<td width=\"373\"><strong>Lena Gutowska<\/strong><\/td>\n<td width=\"122\"><strong>klasa 7 c<\/strong><\/td>\n<td width=\"76\"><\/td>\n<\/tr>\n<tr>\n<td width=\"373\"><strong>Jakub Miko\u0142ajczak<\/strong><\/td>\n<td width=\"122\"><strong>klasa 8 a<\/strong><\/td>\n<td width=\"76\"><\/td>\n<\/tr>\n<tr>\n<td width=\"373\"><\/td>\n<td width=\"122\"><\/td>\n<td width=\"76\"><\/td>\n<\/tr>\n<tr>\n<td width=\"373\"><\/td>\n<td width=\"122\"><\/td>\n<td width=\"76\"><\/td>\n<\/tr>\n<tr>\n<td width=\"373\"><\/td>\n<td width=\"122\"><\/td>\n<td width=\"76\"><\/td>\n<\/tr>\n<tr>\n<td width=\"373\"><\/td>\n<td width=\"122\"><\/td>\n<td width=\"76\"><\/td>\n<\/tr>\n<tr>\n<td width=\"373\"><\/td>\n<td colspan=\"2\" width=\"198\"><\/td>\n<\/tr>\n<\/tbody>\n<\/table>\n","protected":false},"excerpt":{"rendered":"<div class=\"mh-excerpt\"><p>Sk\u0142ad Samorz\u0105du Szkolnego w roku szkolnym 2023\/24: Przewodnicz\u0105ca Samorz\u0105du Uczniowskiego Majka Stojewska Poczet sztandarowy: Liliana St\u0119pie\u0144 Jakub Miko\u0142ajczak Alicja Ludwikowska Poczet flagowy: Krystian Janowski Natalia <a class=\"mh-excerpt-more\" href=\"http:\/\/spp3.slawno.pl\/?page_id=109\" title=\"Samorz\u0105d Szkolny\">[&#8230;]<\/a><\/p>\n<\/div>","protected":false},"author":1,"featured_media":0,"parent":0,"menu_order":0,"comment_status":"closed","ping_status":"closed","template":"","meta":{"footnotes":""},"class_list":["post-109","page","type-page","status-publish","hentry"],"_links":{"self":[{"href":"http:\/\/spp3.slawno.pl\/index.php?rest_route=\/wp\/v2\/pages\/109"}],"collection":[{"href":"http:\/\/spp3.slawno.pl\/index.php?rest_route=\/wp\/v2\/pages"}],"about":[{"href":"http:\/\/spp3.slawno.pl\/index.php?rest_route=\/wp\/v2\/types\/page"}],"author":[{"embeddable":true,"href":"http:\/\/spp3.slawno.pl\/index.php?rest_route=\/wp\/v2\/users\/1"}],"replies":[{"embeddable":true,"href":"http:\/\/spp3.slawno.pl\/index.php?rest_route=%2Fwp%2Fv2%2Fcomments&post=109"}],"version-history":[{"count":26,"href":"http:\/\/spp3.slawno.pl\/index.php?rest_route=\/wp\/v2\/pages\/109\/revisions"}],"predecessor-version":[{"id":17948,"href":"http:\/\/spp3.slawno.pl\/index.php?rest_route=\/wp\/v2\/pages\/109\/revisions\/17948"}],"wp:attachment":[{"href":"http:\/\/spp3.slawno.pl\/index.php?rest_route=%2Fwp%2Fv2%2Fmedia&parent=109"}],"curies":[{"name":"wp","href":"https:\/\/api.w.org\/{rel}","templated":true}]}}